3*x**2. Let u(q) = q**3 - q**2 + 2*q + 61. Let w be u(0). Let a = w + -59. Determine i(a).
-4
Let n(f) be the first derivative of -1/2*f**2 - 10 - 21*f - 1/4*f**4 + 1/3*f**3. What is n(0)?
-21
Let r be (0 + 3 + -7)*-4. Suppose -20*d + 16 = -r*d. Let a(p) = p**3 - 5*p**2 + 5*p. Give a(d).
4
Let i(s) = -s**2 - 8*s - 16. Let c(t) = 2*t**2 + 17*t + 35. Let n(k) = 6*c(k) + 13*i(k). What is n(4)?
-22
Let k(a) = -7*a - 19*a**2 + 20*a + 5 + 14*a**2 + 7*a**2. Let n(p) = -p**2 - 2*p. Let d(g) = k(g) + 3*n(g). Determine d(6).
11
Let g(t) = -t**3 - 6 + 23*t**2 + 11*t**2 - 40*t**2 - 6*t + 0. Give g(-4).
-14
Let b(j) = -9*j**3 - 26*j**2 - 8*j + 64. Let r(f) = -5*f**3 - 13*f**2 - 3*f + 33. Let t(x) = 6*b(x) - 11*r(x). Calculate t(14).
7
Let l(g) = -g**2 + g + 12. Let u = -1233 + 1228. What is l(u)?
-18
Let g(c) = -c + 7. Let i(w) = -w + 6. Let u(t) = -4*g(t) + 5*i(t). Let j be u(0). Let x(m) = -3*m**3 + 3*m**2 - 2*m + 3. Give x(j).
-13
Let h(c) = -2*c - 6. Let b be h(-6). Suppose -2*m = b - 24. Let f = m - 6. Let w(d) = -d**3 + 2*d**2 + 4*d + 1. Give w(f).
4
Let u(x) = -5*x + 16. Let c be u(2). Let s(y) be the second derivative of -y**4/12 + 4*y**3/3 - y**2 - 38*y. Determine s(c).
10
Let g(k) = -3*k. Let j(o) = 2*o**3 + 21*o**2 + 9*o + 5. Let s(b) = -b**3 - 10*b**2 - 4*b - 2. Let i(q) = 4*j(q) + 9*s(q). Let a be i(-6). Give g(a).
-6
Let t(s) = 3 - 6 + s**2 - 26*s + 47*s. Calculate t(-21).
-3
Let u(f) be the third derivative of 3*f**6/40 - f**4/24 - 26*f**2. Suppose -3*r - 1 = 2. Calculate u(r).
-8
Let h = -113 - -118. Suppose 4*f = t + 19, h*f - 18 - 4 = 3*t. Let i(l) = 2*l - 7. What is i(f)?
3
Let z(b) = b**2 - 7*b + 2. Let u be (1/(1/(-4)))/(6/3). Let h be 2*(u/6 + (-23)/(-6)). Determine z(h).
2
Let k(b) = -b**2 + 8*b. Let h(o) = 5*o + 55. Let j be h(-9). What is k(j)?
-20
Let x(t) = -6*t. Let c(k) = k - 1. Let i(s) = -s - 1. Let n(y) = -3*c(y) + 3*i(y). Let d(a) = 5*n(a) - 6*x(a). Determine d(-1).
-6
Let q(m) = m - 1. Let o be (-1)/2 - (-10)/4. Suppose 21 = -o*f - 5. Let r = -8 - f. Calculate q(r).
4
Let w(j) = j + 1. Let i = -697 + 685. What is w(i)?
-11
Let g(h) be the third derivative of -h**5/120 + 5*h**3/3 - 11*h**2. Let j(v) be the first derivative of g(v). Let o be 66/(-10) - (-14)/(-35). Calculate j(o).
7
Let g(p) be the first derivative of p**4/3 + p**3/6 - 9*p**2 + 40. Let z(a) be the second derivative of g(a). Let q = -3 - -2. Determine z(q).
-7
Suppose 5*l - 12 = 3. Let c be 0/(1 - 0)*l/6. Let s(d) = d**2 + d - 2. Determine s(c).
-2
Suppose -4*s + 0*t - 1085 = 5*t, 5*s + t + 1372 = 0. Let w be 3/7 - s/77. Let g(z) = z**3 - 3*z**2 - 4*z - 2. Give g(w).
-2
Suppose 6 = -5*c + 2*c. Let z be (0 - c)/(6/(-9)). Let l be (-5)/z + (-7)/(-21). Let v(f) = -f**2 - f + 2. Determine v(l).
-4
Let s(a) = 5*a**3 - 3*a**2 + 3*a - 3. Let u(t) = t**3 + t. Let b(q) = -s(q) + 4*u(q). Let h = -49 - -50. Suppose 0 = c + 6 - h, -c = -3*d + 14. Determine b(d).
6
Let b(t) be the third derivative of t**4/12 + 37*t**3/6 - 17*t**2 - 4. Calculate b(-16).
5
Suppose -c + 0 + 4 = 0, -y = -4*c + 10. Let k(d) = d**3 + 4*d**2 + 2*d - 8. Let i(p) = p**3 - p**2. Let j(w) = 2*i(w) - k(w). Determine j(y).
-4
Suppose 69*u - 3 = 68*u. Let b(c) = -5*c**2 + 3*c + 2*c**2 + 2 + u*c**2 - c**3 - 2*c**2. Let f = 4 - 7. Determine b(f).
2
Let h(a) = -a**3 + 4*a**2 + 3*a + 7. Suppose -2*u = -7*u - 4*d - 4, 2*u - 3*d = 3. Let g be -1*2 + 4 + u. Suppose 0 = -2*t - g*t + 20. What is h(t)?
-3
Let s(f) be the second derivative of -7/6*f**3 + 0 + 1/20*f**5 + 9*f - 5/12*f**4 + 3/2*f**2. Give s(6).
-3
Let p(t) be the third derivative of -t**5/60 - t**4/24 - t**3/6 - 67*t**2 - 3. What is p(-1)?
-1
Let u(v) = -v**3 - v**2 - 2*v - 1. Let f(n) = n**3 - 5*n**2 + 5. Let x(q) = f(q) + 2*u(q). Suppose 0*c + c + 6 = 0. Give x(c).
-9
Let j(r) = -3*r**2 + 4*r - 2. Suppose 0 = -6*l - 3 - 51. Let q(z) = z + 11. Let n be q(l). Calculate j(n).
-6
Let l = -142 + 135. Let t(y) = 3*y - 9. Let b(s) = -7*s + 18. Let z(o) = 4*b(o) + 9*t(o). Determine z(l).
-2
Let d(g) = -g**3 + g**2 + 2*g + 22. Let q be 89/1246 - (-2)/(-28). What is d(q)?
22
Let g(y) be the third derivative of y**5/30 + y**4/12 - y**3/6 - 20*y**2 + 15*y. Let h(v) = -v**3 + 5*v**2 - 5*v + 2. Let p be h(4). Give g(p).
3
Let p(y) = -y**3 + 1. Let j(f) = -2*f**2 + 17*f - 12. Let k be j(8). Let a(w) = w + 4. Let g be a(k). Determine p(g).
1
Suppose -5*r = -9*o + 25, 5*o + 14 = -3*r - 1. Let n(m) be the second derivative of -2/3*m**4 + 4/3*m**3 - 3/2*m**2 + 1/20*m**5 + o + 8*m. Determine n(7).
4
Let f(p) be the second derivative of 2*p**4/3 + p**3/2 + p**2/2 + 32*p - 10. What is f(-1)?
6
Let r(l) = 5*l - 6. Let o(y) = 9*y - 12. Let k(t) = 6*o(t) - 11*r(t). What is k(-7)?
1
Let r = -92 + 94. Let n(y) = y**2 + 6*y + 2. Let c be n(-6). Let s(o) = o + o - o**2 - 2*o**c. Give s(r).
-8
Suppose -b + 22 + 6 = 0. Suppose f + 3*f = -2*g - b, -3*f = 2*g + 23. Let m(s) = -s**3 - 5*s**2 - 5*s. Give m(g).
4
Let g(u) = -10 - u + 38 - 17. Determine g(11).
0
Let y(k) = k**3 + 2*k**2 + k + 4. Let f be (-636)/(-21) + 16/(-56). Suppose 4*g - f = -42. Give y(g).
-8
Let i(d) = -11*d**2 - 2*d + 9. Let t(w) = -13*w**2 - 2*w + 11. Let p(r) = 5*i(r) - 4*t(r). Give p(2).
-15
Let p(o) = -o**2 - o - 1. Let t(n) = 4*n**2 + 13*n + 3. Suppose -3*m + 27 = -3*a, 2*m = 5*m + a - 11. Let c(v) = m*p(v) + t(v). Give c(6).
10
Let n(w) = w**2 - 6*w + 5. Let l(m) = 7 - 37 + 8 + 3*m. Let d be l(9). What is n(d)?
0
Let w(s) be the third derivative of 0 + 0*s - 1/6*s**3 - 7/12*s**4 - 23*s**2. Suppose -2*q = 2 - 4. What is w(q)?
-15
Let q(g) = g - 1. Let j(l) = -3*l. Let k(w) = -4*j(w) - 9*q(w). Determine k(-5).
-6
Let f(o) be the first derivative of o**3/3 + o**2 - o - 613. Let m = 10 - 14. Determine f(m).
7
Let t(j) be the third derivative of -j**6/120 - 7*j**5/60 - j**4/2 + j**3/2 - 10*j**2 - 18. What is t(-4)?
3
Let s = -5 + 7. Let n(w) = -16*w - 9. Let q(c) = -17*c + 2. Let r(h) = 6*h - 1. Let a(f) = -3*q(f) - 8*r(f). Let x(l) = s*n(l) + 11*a(l). Give x(0).
4
Let l = -8 + 12. Let a(b) = -b**2 + b + 10. Give a(l).
-2
Let y(h) = -4*h**2 + 16*h + 29. Let o(g) = g**2 - 4*g - 7. Let x(f) = 9*o(f) + 2*y(f). Suppose 16*c - 24 = 6*c + 16. Determine x(c).
-5
Let p = -86 - -150. Suppose 5*q + 21 = -3*y + p, 2*y = 2*q + 50. Let z = y - 24. Let d(t) = t + 4. Determine d(z).
1
Let o(r) be the third derivative of r**6/120 - r**5/120 + 10*r**3/3 - 11*r**2. Let q(k) be the first derivative of o(k). What is q(1)?
2
Let b(c) be the second derivative of -c**7/42 + 37*c**3/6 - 34*c. Let p(r) be the second derivative of b(r). Calculate p(-1).
20
Let z(f) = 44*f**3 - f. Let h be z(1). Let m = 60 - h. Let i = -13 + m. Let t(l) = -l + 8. Calculate t(i).
4
Let m(x) = 10*x**3 + x**2 - x - 1. Let p(n) = -9*n - 46. Let d be p(-5). Give m(d).
-9
Let a(z) = -2*z - 2. Let v(s) = -14*s - 5. Let n(k) = 5*a(k) - v(k). Calculate n(7).
23
Let r(o) = -o**2 - 28*o + 28. Let d be r(1). Let y(q) = -2*q**2 - q**2 + q**2 - q - 2*q**3. What is y(d)?
1
Let i = -65 - -60. Let b(p) = -3*p**3 + 3*p**2 - 7*p. Let j(v) = -4*v**3 + 4*v**2 - 10*v. Let x(y) = i*j(y) + 7*b(y). Determine x(3).
-15
Let c(o) = 11*o. Let j(t) = -31*t. Let b(i) = 17*c(i) + 6*j(i). What is b(4)?
4
Let u(f) be the third derivative of -f**6/120 - f**5/20 - f**4/6 - f**3/3 + f**2. Let s be -21*1/((-35)/10). Suppose -s*l = -2*l + 12. Give u(l).
10
Let d(a) = 5*a + 2. Let x(q) = -q**3 - 4*q - 6. Let u be x(0). What is d(u)?
-28
Let s(w) be the second derivative of w**3/6 - 2*w**2 - 4*w + 4. Determine s(-3).
-7
Let s(v) = -v - 44. Let q(d) = -10. Let m(l) = 6*q(l) - s(l). Determine m(8).
-8
Suppose 11*h = -7*h - 18. Let o(z) = -21*z**2 - 2*z - 1. What is o(h)?
-20
Suppose -9 + 4 = 5*o. Let h(d) = d. Let x(z) = -9*z - 3. Let v(q) = o*x(q) - 2*h(q). Suppose 4*i - 4*a = i - 6, 2*i = -4*a - 4. Calculate v(i).
-11
Let z(s) = -12*s + 20. Let x(h) = -7*h + 14. Let y(n) = 7*x(n) - 4*z(n). Determine y(14).
4
Let i(s) = s - 10. Let z(m) = -1. Let w(k) = -i(k) + 5*z(k). Suppose -86 = -6*r - 8. Suppose -4*b = -r*b. Calculate w(b).
5
Let h(a) be the first derivative of a**3/3 - 3*a + 3. Let w be h(5). Let v(i) = -20*i + 1 + w*i + i**3 + 2*i**2 + i**3. Calculate v(-1).
-1
Let c = -290 - -282. Let y(g) = -g**3 - 7*g**2 + 8*g + 2. Determine y(c).
2
Let b(d) = 41*d - 9. Let f(l) = 5*l - 1. Let 